nits digit of 389/9 + (-8)/36?
3
Suppose 2*p - 44 = 28. What is the tens digit of p?
3
What is the tens digit of 8/10 + 543/15?
3
Let f = 18 - -18. Suppose -46 = -4*g - g - 2*k, 2*k - f = -4*g. Suppose g = -v + 3*l, -3*v = -3*l - 2*l + 10. What is the units digit of v?
5
Let k be 5*33*(-8)/60. Let v = 4 - k. What is the units digit of v?
6
Let d be (-56)/(-10) - (-3)/(-5). Suppose -15 = -3*p - 2*p, -d*p - 33 = -4*h. What is the tens digit of h?
1
Let m be 98/10 - 4/(-20). Let v(y) = -m*y + 1 - 4 - y**2 + 4*y. What is the units digit of v(-4)?
5
Let o(y) = -3*y + 15. Let g be o(6). What is the tens digit of 13 + g - 0/(-3)?
1
Let x be -4 - (-3 - (-3 - -76)). Suppose -2*n + 14 = -x. What is the units digit of n?
3
Let b be (-848)/(-28) + 4/(-14). Let y = -13 + b. What is the tens digit of y?
1
Let t(k) = k**3 - k**2 - 2*k + 3. Suppose 2 = -n + 4*f, n + 0*n + 5*f - 7 = 0. What is the units digit of t(n)?
3
Let c(x) = -2*x**3 + 3*x**2 - 3*x + 4. Let z(f) = 2*f**3 - 4*f**2 + 4*f - 5. Let a = -6 - -10. Let i(u) = a*z(u) + 5*c(u). What is the tens digit of i(-2)?
1
Let w be (-32)/(-18) + 4/18. Let v = w + -1. Let c = 2 - v. What is the units digit of c?
1
Suppose 0 = -0*f + 2*f + 24. Suppose -4*l + 44 = 2*w - 0*l, -16 = -w + 4*l. Let p = f + w. What is the units digit of p?
8
Let d(w) = -w - 12. Let p be d(-14). Suppose 2*c - 77 = -4*j + 7*c, 0 = p*j + c - 21. What is the units digit of j?
3
Suppose 2*f + k - 12 = 0, -3*f + 2*k + 5 = -3*k. Suppose 0 = -4*b + 4*p + 36, -b + 0*b + 9 = f*p. What is the units digit of b?
9
Let z(c) = -4 + 0*c**2 + 3 + 5*c**2. Let a be z(-1). Suppose a*n - 24 = -0*n. What is the units digit of n?
6
Let f be 16/(-8) - 4/(-2). What is the units digit of (-7)/21*(-18 + f)?
6
Let a(l) = l**3 - 7*l**2 - 9*l + 11. Let v be a(8). Suppose -v*m - 2*y + 23 = -47, 2*m - 49 = y. What is the units digit of m?
4
Suppose -16 = -5*a + n + 3*n, 3*n + 5 = 2*a. Let l(w) = -w**3 + 4*w**2 + 5*w - 6. What is the tens digit of l(a)?
1
Let y = -9 + 20. What is the units digit of y?
1
Let c be 3 - (-1 + 4 + 0). Suppose c = -3*n - 3*a - 6 - 0, 5*n + 3*a = 0. Suppose -n*y + 18 + 42 = 0. What is the units digit of y?
0
What is the units digit of 2 + (-155 - -1)*2/(-4)?
9
Let h(d) = 2*d - 4. Suppose -n + 2 + 7 = 2*q, 0 = -n - 4*q + 15. Let j be h(n). Suppose y + 0*y - j = 0. What is the units digit of y?
2
Suppose 2*j = -4*u - 6, 4*j - 7*u - 24 = -3*u. Suppose -2*w + 7 = j. What is the units digit of w?
2
Suppose -5*r = 2*x - 2 - 22, 5*x = -3*r + 22. Suppose -3*p + x*p = 3. What is the units digit of 2*p*(-1 + 0)?
6
Suppose 0*n + 85 = 5*h + 3*n, h = n + 9. What is the units digit of h?
4
Suppose 0 = 5*d - 69 + 9. Suppose 0 = -3*u - 0*u + 27. Let q = d - u. What is the units digit of q?
3
Suppose 5*n + 5*x + 12 + 23 = 0, -3*x + 3 = -3*n. Let s = n - -4. Suppose -2*v + 5 + 5 = s. What is the units digit of v?
5
Let t be (-2)/4 - 44/(-8). Let f = -5 + t. Suppose f*s = s - 12. What is the tens digit of s?
1
Let q(s) be the third derivative of s**6/60 - s**5/60 - s**4/8 + s**3/6 - 2*s**2. Let o(l) = -l**2 + 8*l + 2. Let f be o(8). What is the units digit of q(f)?
7
Suppose -3*y = q - 322, 2*y + 2*q - 83 = 133. What is the tens digit of y?
0
Let t(n) = -2*n**2 - 36*n + 4. What is the hundreds digit of t(-7)?
1
Let g = 812 - 579. What is the tens digit of g?
3
Suppose 215 = -i + 6*i - 5*h, -3*i + 134 = -4*h. What is the units digit of i?
8
Suppose -2*s - 38 = 2*u, -4*s = -0*u + 3*u + 81. What is the units digit of 27/2*s/(-36)?
9
Suppose g = -1, -q - 4*g - 5 + 3 = 0. Suppose -3*k = -q*b + 26, 0*k = -5*b + 2*k + 43. What is the units digit of b?
7
Let o(j) = -j**2 - 12*j + 4*j**2 - j**2 - 3*j**2 - 4. Let p be o(-10). Suppose -3*y + 8 = -5*x + 56, 4*y = p. What is the tens digit of x?
1
Suppose 3*f = 4*f - 48. What is the tens digit of f?
4
Let a be (12/16)/((-2)/8). Suppose -4*w - 5*o + 9 = 0, -o + 4 - 1 = 2*w. What is the tens digit of (0/w)/a + 10?
1
Let k = 1 - 0. Let l(o) = o**2 - 7*o - k + 2 + 1. What is the units digit of l(7)?
2
Suppose -4*o - 84 - 16 = 0. What is the units digit of (-1)/(-2)*(-7 - o)?
9
Suppose 0 = -v - 2*v + 12. What is the tens digit of 24 - 5/((-10)/v)?
2
Let s = -6 - -10. Let g = 12 + -9. Suppose 5*v - 2 = -2*i + 17, g*i - 18 = -s*v. What is the units digit of i?
2
Let y(k) = k**3 - k - 1. Let z(s) = 22*s**3 + 2*s**2 + 7*s + 6. Let b(h) = -6*y(h) - z(h). What is the tens digit of b(-1)?
2
Let q = -127 + 161. What is the units digit of q?
4
Let w(l) = -l**3 + l**2 - l. Let g(c) = -3*c**3 + c**2 - c. Let n(b) = -2*g(b) + 5*w(b). What is the units digit of n(-3)?
9
Suppose 5*u - 78 = 3*u. What is the units digit of u?
9
Let b be ((-40)/15)/((-2)/(-9)). Let h = 19 + b. What is the units digit of h?
7
Suppose -53 = -6*g + g - 4*o, 49 = 5*g + 2*o. Let c(s) = s - 9. Let z be c(g). What is the tens digit of z/4 - (-11 - 0)?
1
What is the hundreds digit of -3 - (1583/(-5) - 48/(-80))?
3
Suppose f = 5*g - 137, g - 4 = -5*f + 13. What is the units digit of g?
7
What is the tens digit of (-4)/2 - (-31 - 1)?
3
Suppose -830 = -5*k - 210. What is the tens digit of k/9 + 2/9?
1
What is the tens digit of ((-165)/(-2))/((3/6)/1)?
6
Let f(n) = 128*n - 1. What is the hundreds digit of f(1)?
1
Suppose 0 = 3*t - 5*a - 73, -17 + 6 = -t + 5*a. Let r = t - 17. What is the tens digit of r?
1
Let a(p) = -p**3 - 3*p**2 + 5*p - 3. Let j be a(-4). Let t = 40 + -28. Let r = j + t. What is the units digit of r?
5
Suppose m = 5*p + 5*m - 109, -3*m - 137 = -5*p. What is the tens digit of p?
2
Let y(t) = -t**3 + 4*t**2 + 4*t - 5. Let r(h) = -4*h - 1. Let m be r(-1). Suppose m*g = g + 8. What is the units digit of y(g)?
1
Suppose -3*k - n = -9, -3*k = -6*k + 4*n + 24. What is the tens digit of ((-2)/(-3))/(k/66)?
1
Let i(l) = 4*l - 10. Let f(m) = -5*m + 11. Let w(g) = -5*f(g) - 6*i(g). What is the tens digit of w(6)?
1
Let w = -9 + 13. What is the units digit of w/(-10)*-3*10?
2
Let p(t) = -t**3 + 10*t**2 - 12*t + 10. What is the tens digit of p(8)?
4
Let s(n) = 32*n**2 + 5*n + 11. What is the tens digit of s(-3)?
8
Let u = -16 + 24. What is the units digit of (-163)/(-4) + (-6)/u?
0
Let x(p) = 2 - 2 - p + 7. Let b be (-1)/(-5) - (-72)/15. What is the units digit of x(b)?
2
Suppose -2*h - 13 = -v, v - 4*h = -6*h - 3. Let r = v - 5. Suppose 2*l - l - 3 = r. What is the units digit of l?
3
Suppose z + 48 = 2*z. What is the units digit of 1/(-2)*z/(-3)?
8
Let d be 215/20 - 1/(-4). Let u = d + -5. What is the units digit of u?
6
Let v = 58 + -43. What is the units digit of v?
5
What is the units digit of (531/(-18))/(1/(-2))?
9
Let v(s) = 3*s**3 + 2*s**2 - 8*s + 7. What is the tens digit of v(3)?
8
Let w(d) = -d**3 - 3*d**2 + d + 4. Let s be w(-3). What is the tens digit of s + (14 - 0/1)?
1
Let j(f) = 7*f**2 - 20*f - 14. Suppose -1 = -2*t + 7. Let h(n) = -3*n**2 + 10*n + 7. Let g(b) = t*j(b) + 9*h(b). What is the units digit of g(-10)?
7
What is the units digit of 22/11 - (-1 - (91 + 0))?
4
Suppose o - 3 = -0*o. Suppose -2*v + 15 = o*v. What is the units digit of v?
3
Let x(v) = -2*v - 2. Let h be x(6). What is the units digit of (-2)/(-2 + (-24)/h)?
7
Let c = -2 - -2. Suppose 2*p = -q + 36, c*q - 4*q - 76 = -3*p. Suppose 51 + p = 4*t + 3*n, 0 = -5*t - 5*n + 95. What is the units digit of t?
4
Let s = -5 - -9. Suppose s*x - 15 = 17. What is the units digit of x?
8
Let v(d) = d**3 - 6*d**2 - 11*d - 14. What is the hundreds digit of v(9)?
1
Suppose 4*u - 3*u = -8. Let r be (-6)/1*u/12. Suppose 7*x - 3*x - r = 0. What is the units digit of x?
1
Let o = 2 - 2. Suppose -7*a + 12 = -4*a. Suppose o = a*f - 27 - 13. What is the tens digit of f?
1
Suppose -22 = -y - 4*q, 2*y + q + 3*q = 24. Suppose -h = 2*k - y, h - 3*k - 23 = 2*k. What is the units digit of h?
8
Let i(j) = j**2 + 4*j - 7. Suppose -2*b - 3*f + 7*f - 4 = 0, 5*b - 5*f = -20. What is the units digit of i(b)?
5
Suppose 3*a = f - 3*f + 9, -4*a + 5 = 5*f. Suppose 3*d = a*d - 72. Suppose -v - d = -3*v. What is the tens digit of v?
1
Suppose 4*q = 5*g - 132, 0*q + q - 58 = -2*g. What is the units digit of g?
8
Let d be 128/22 + 4/22. Let r(w) = w**3 - 4*w**2 - 9*w + 1. What is the units digit of r(d)?
9
Let j = 27 - 6. What is the tens digit of j?
2
Let w(v) = -3*v**2 + 4*v - 3. Let z be w(2). Suppose 0 = 3*l - 9